omposite?
False
Is 17167 a composite number?
False
Is 7817 a prime number?
True
Is 516947 a composite number?
False
Is 16447 a prime number?
True
Is 1079 prime?
False
Is 178015 a composite number?
True
Is 4091 prime?
True
Is 716461 a composite number?
True
Is 102761 composite?
False
Is 1397 a prime number?
False
Is 90043 prime?
False
Is 6803 prime?
True
Is 18623 prime?
False
Is 601603 composite?
True
Is 18787 prime?
True
Is 82129 prime?
True
Is 618083 prime?
True
Is 162971 prime?
True
Is 158293 a composite number?
False
Is 16373 a prime number?
False
Is 249883 a prime number?
False
Is 11993 a composite number?
True
Is 2161 a composite number?
False
Is 105601 a prime number?
True
Is 264437 composite?
False
Is 76013 a prime number?
False
Is 396641 composite?
True
Is 8333 prime?
False
Is 62401 composite?
False
Is 302945 a prime number?
False
Is 1137157 prime?
False
Is 70341 composite?
True
Is 14179 prime?
False
Is 59326 prime?
False
Is 4481 a prime number?
True
Is 11089 a composite number?
True
Is 31927 prime?
False
Is 5849 prime?
True
Is 22853 a composite number?
False
Is 158 a composite number?
True
Is 24493 a prime number?
False
Is 3979 a composite number?
True
Is 23098 composite?
True
Is 189746 prime?
False
Is 189901 a prime number?
True
Is 31469 prime?
True
Is 17089 a prime number?
False
Is 55531 a composite number?
True
Is 46219 prime?
True
Is 40049 a composite number?
True
Is 559313 a composite number?
False
Is 2513443 composite?
False
Is 169307 a composite number?
False
Is 319811 composite?
False
Is 8861 prime?
True
Is 27409 a composite number?
False
Is 1799 a prime number?
False
Is 88117 a prime number?
True
Is 907 prime?
True
Is 3365 prime?
False
Is 4661 a prime number?
False
Is 857855 composite?
True
Is 21257 a prime number?
False
Is 13291 a composite number?
False
Is 2827 a composite number?
True
Is 49499 a composite number?
False
Is 5471 prime?
True
Is 3279641 prime?
True
Is 109353 prime?
False
Is 19153 composite?
True
Is 1965517 a composite number?
False
Is 26053 a composite number?
False
Is 30293 a prime number?
True
Is 6737 composite?
False
Is 34807 composite?
False
Is 412003 a prime number?
False
Is 5755 a composite number?
True
Is 19259 a composite number?
False
Is 19717 a prime number?
True
Is 569451 a composite number?
True
Is 232253 composite?
True
Is 22226 a composite number?
True
Is 155573 a composite number?
True
Is 647 a prime number?
True
Is 4843 a prime number?
False
Is 13595 prime?
False
Is 112141 a prime number?
False
Is 6947 prime?
True
Is 163879 a composite number?
True
Is 98731 composite?
False
Is 6421 prime?
True
Is 919 composite?
False
Is 1599851 prime?
False
Is 377771 prime?
True
Is 1691 a composite number?
True
Is 57221 a composite number?
False
Is 74147 composite?
True
Is 22431 a composite number?
True
Is 1407281 a prime number?
True
Is 173599 prime?
True
Is 373 a composite number?
False
Is 425147 prime?
True
Is 2329787 composite?
True
Is 64133 prime?
False
Is 262451 a prime number?
False
Is 10559 prime?
True
Is 309929 composite?
False
Is 13901 composite?
False
Is 5481799 a composite number?
False
Is 250633 prime?
False
Is 345241 a prime number?
False
Is 355133 a prime number?
False
Is 2602 a composite number?
True
Is 26041 a prime number?
True
Is 1647355 a composite number?
True
Is 4679 a composite number?
False
Is 14683 a composite number?
False
Is 118271 prime?
False
Is 1823 a composite number?
False
Is 3238 a prime number?
False
Is 353499 a composite number?
True
Is 485318 composite?
True
Is 328093 a composite number?
False
Is 295663 a prime number?
True
Is 184451 composite?
True
Is 23117 prime?
True
Is 46459 a prime number?
False
Is 14143 prime?
True
Is 194365 composite?
True
Is 4435 composite?
True
Is 9086927 composite?
False
Is 9461 a composite number?
False
Is 10973 a prime number?
True
Is 872455 a composite number?
True
Is 77383 composite?
False
Is 2464603 composite?
False
Is 36599 prime?
True
Is 9311 a composite number?
False
Is 26833 a prime number?
True
Is 3427 a composite number?
True
Is 222419 a composite number?
False
Is 20089 prime?
True
Is 24989 prime?
True
Is 155137 a prime number?
True
Is 1352359 a prime number?
True
Is 1821481 a composite number?
False
Is 8383 prime?
False
Is 34913 composite?
False
Is 749069 composite?
False
Is 61853 a prime number?
False
Is 3669 a composite number?
True
Is 67409 a prime number?
True
Is 6121 a prime number?
True
Is 31677 a prime number?
False
Is 14667 composite?
True
Is 135159 a prime number?
False
Is 23367 prime?
False
Is 164861 a composite number?
True
Is 23461 prime?
False
Is 307003 a composite number?
True
Is 597469 a prime number?
False
Is 30631 a composite number?
False
Is 831421 a composite number?
True
Is 15217 composite?
False
Is 5219 a prime number?
False
Is 9733 composite?
False
Is 4781 a composite number?
True
Is 566837 prime?
False
Is 69371 a composite number?
False
Is 3985 a prime number?
False
Is 68993 a prime number?
True
Is 195649 a composite number?
True
Is 1201 a composite number?
False
Is 3991 a composite number?
True
Is 5231 a prime number?
True
Is 579874 composite?
True
Is 1452527 a composite number?
False
Is 353323 composite?
True
Is 7903 a composite number?
True
Is 261797 a composite number?
True
Is 47933 a prime number?
True
Is 446 composite?
True
Is 37119 composite?
True
Is 9961 a prime number?
False
Is 348709 prime?
True
Is 47438 a composite number?
True
Is 45943 a prime number?
True
Is 187439 composite?
True
Is 3073067 a composite number?
False
Is 32353 composite?
False
Is 643301 prime?
True
Is 2929429 a composite number?
True
Is 25735 composite?
True
Is 70715 a prime number?
False
Is 1438 prime?
False
Is 1217 composite?
False
Is 228337 a prime number?
True
Is 94687 prime?
True
Is 4003819 a composite number?
False
Is 6683 a prime number?
False
Is 209249 composite?
False
Is 59333 prime?
True
Is 267659 a composite number?
True
Is 807071 prime?
True
Is 38383 a composite number?
True
Is 64705 composite?
True
Is 2099 a composite number?
False
Is 560963 a prime number?
False
Is 276358 prime?
False
Is 81085 prime?
False
Is 19571 a composite number?
False
Is 92146 a prime number?
False
Is 2153 a prime number?
True
Is 191489 a composite number?
True
Is 60691 prime?
False
Is 53467 prime?
False
Is 887 composite?
False
Is 89261 prime?
True
Is 48073 a prime number?
True
Is 8941 composite?
False
Is 218557 composite?
True
Is 20477 a composite number?
False
Is 1767487 prime?
True
Is 25341 composite?
True
Is 1703 a composite number?
True
Is 775241 a composite number?
False
Is 5669 a composite number?
False
Is 6879 prime?
False
Is 225113 composite?
True
Is 533597 a prime number?
False
Is 9253 composite?
True
Is 31469 prime?
True
Is 416947 prime?
True
Is 269 a composite number?
False
Is 15203 prime?
False
Is 112643 a prime number?
True
Is 3761 composite?
False
Is 11073 composite?
True
Is 40619 prime?
False
Is 3292574 composite?
True
Is 196423 prime?
False
Is 3432761 a prime number?
True
Is 7393 composite?
False
Is 9577 a composite number?
True
Is 6805 a composite number?
True
Is 4009 a composite number?
True
Is 104354 a composite number?
True
Is 7993 a prime number?
True
Is 344887 a prime number?
True
Is 7063 a composite number?
True
Is 173137 a composite number?
False
Is 602417 a prime number?
False
Is 20873 a composite number?
False
Is 14939 a prime number?
True
Is 1861 composite?
False
Is 109589 prime?
True
Is 90791 composite?
True
Is 20711 composite?
True
Is 186601 a composite number?
False
Is 60769 a composite number?
True
Is 68893 a composite number?
True
Is 201881 prime?
True
Is 19589 prime?
False
Is 138311 a composite number?
False
Is 75937 a composite number?
False
Is 748607 a composite number?
True
Is 15227 a prime number?
True
Is 775121 a prime number?
True
Is 5981 a composite number?
False
Is 338119 a composite number?
False
Is 300813 a composite number?
True
Is 4855 prime?
False
Is 13389 prime?
False
Is 18339 a composite number?
True
Is 67777 composite?
False
Is 26669 a prime number?
True
Is 1192879 composite?
False
Is 3719 prime?
True
Is 1192469 a prime number?
True
Is 57571 a prime number?
True
Is 13861 a composite number?
True
Is 18583 a composite number?
False
Is 1542353 composite?
True
Is 701 a prime number?
True
Is 8083 comp